derivative of 1/8*i**4 + 0*i + 0 + 0*i**3 + 7*i**2 - 1/60*i**5. Determine v(3).
0
Let x(a) = -3*a**3 + a**2 + a - 2. Let o be 0 + 7*(-1)/(-7). Give x(o).
-3
Suppose 10*m + 6 = 13*m. Let v(x) = -2*x - 4 + 4 + 7*x**m - 4 + 5. Give v(1).
6
Let m(j) = -j**2 + j - 1. Let i(y) = -5*y**2 + 4*y - 12. Let l(z) = i(z) - 6*m(z). Let q = -51 - -54. Let k be q + -3 + 8 + -3. What is l(k)?
9
Let i(b) = -4*b - 2. Let h(j) = 9*j + 2. Let m(r) = 8*r + 2. Let f(g) = 3*h(g) - 4*m(g). Let y(x) = 3*f(x) - 4*i(x). Determine y(-3).
-1
Let b(n) = 6*n - 3. Let g be b(1). Let v be 3/1 - (-3 + g). Let s(a) = a - 3. Calculate s(v).
0
Let i(d) = -d**3 + d + 1. Let q(a) = -3*a**3 - 6*a**2 + 2*a. Let m(o) = -2*i(o) + q(o). Suppose 123*z - 61*z = 63*z + 6. Determine m(z).
-2
Suppose -2*w = -w - 22. Let j be 4/(-18) - w/(-18). Let p(u) = 8*u + 6. Let c(s) = 9*s + 7. Let i(b) = -5*c(b) + 6*p(b). Determine i(j).
4
Suppose -2*w = -3*z - 1, 8 + 5 = 5*z + 4*w. Suppose -r = -z - 3. Suppose 2*j + 2 + r = 0. Let p(o) = o**2 - 2. Calculate p(j).
7
Let x(b) = b**2 + 2*b. Let n be x(-2). Suppose n = -w + 2 - 6. Let m(h) = 4*h - 7. Let q(f) = 2*f - 4. Let d(t) = 3*m(t) - 5*q(t). What is d(w)?
-9
Let t(j) = -11*j + 3. Let q be 1/(-3) + 46/(-6). Let b(s) = -s - 9. Let o(k) = -k - 4. Let a(g) = 6*b(g) - 13*o(g). Let u(y) = q*a(y) - 5*t(y). What is u(0)?
1
Let i(d) = 7*d**3 + 3*d**2 - 1. Suppose -28*k = -62 + 34. Give i(k).
9
Let o(z) be the first derivative of -z**3 + 2*z**2 - 3*z - 13. Suppose -4*q + 2 = -3*q. Give o(q).
-7
Let l(n) = -7*n**2 - 21*n + 4. Let h be l(-3). Let s(i) = -9 + 14 - h + 13*i. Give s(1).
14
Let a(j) = 2*j**3 - 4*j**2 - 1. Suppose 5*n + 5*r - 5 = 30, -32 = -4*n - 5*r. Calculate a(n).
17
Let m(d) = -4*d**3 + 4*d**2 - 6*d - 4. Let l(x) = 5*x**3 - 4*x**2 + 7*x + 5. Let w(a) = -3*l(a) - 4*m(a). Let s(t) = 3*t + 12. Let p be s(-3). Determine w(p).
1
Let g(q) = -5*q**3 - q**2 + 2*q - 1. Let j be g(1). Let c(a) = a**3 - a**2 - a - 7. Let n be c(3). Let x(t) = 2 - 3*t - n*t + 12*t. Determine x(j).
-3
Let w(g) = -g - 2. Let u(c) = c**2 - 18*c + 33. Let h be u(16). Let p(a) = -4*a + 2. Let v(j) = h*p(j) - 5*w(j). Let r = -1 + -8. Calculate v(r).
3
Let h(q) = -q - 1. Let a(r) = -21*r + 85. Let f be a(4). Give h(f).
-2
Let l be (-17)/(-5) - (-2)/(-5). Let f(p) be the second derivative of p**3/3 - 2*p**2 + 166*p. What is f(l)?
2
Let q(g) = -g**2 - 3*g. Let f = -76 + 74. What is q(f)?
2
Let f(c) be the second derivative of -c**8/6720 - c**7/504 + c**6/144 - c**5/120 + 11*c**4/12 - 2*c. Let i(y) be the third derivative of f(y). Calculate i(-6).
5
Let h(m) = 2 - 3*m - 2*m + 8. Let c(v) = 11*v - 3. Let s(d) = -10*d + 4. Let t(i) = -6*c(i) - 7*s(i). Let n(r) = 3*h(r) + 4*t(r). What is n(0)?
-10
Let q(v) = -v**2 + 6*v - 1. Let u(b) = -b**2 + 5*b. Let r(j) = 5*q(j) - 6*u(j). Suppose -3*k + 25 = -p + 2*k, -k = 5*p + 21. Determine r(p).
20
Let b(o) be the first derivative of o**2/2 - 28*o + 2. Let y be ((-330)/(-40) + -8)*(1 + -1). Calculate b(y).
-28
Let p(h) = 2*h**3 - 10*h**2 - 4*h - 11. Let x(k) = -3*k**3 + 11*k**2 + 5*k + 12. Let z(c) = -4*p(c) - 3*x(c). Calculate z(-7).
1
Suppose 0 = -f, 0*o = -3*o + 5*f. Let j be 1/((-2)/(-4) - o). Let l(q) = q + q + 1 - j*q**2 + 0*q + 3. Calculate l(3).
-8
Let h be (16/(-12) + 3)/((-4)/(-12)). Let f be ((-6)/(-4))/(1/2). Suppose -s - f = -h. Let i(m) = -2*m - 1. Give i(s).
-5
Let h(u) = u**3 - 6*u**2 + u - 11. Let g = -539 + 545. What is h(g)?
-5
Let x(v) be the first derivative of -v**2/2 + 11*v - 2. Let f = 62 - -20. Let l = f + -77. Determine x(l).
6
Let h(p) = -3002 + 19*p + 1485 - p**2 + 1480. Give h(17).
-3
Let s be 2 - (1 - 19)/2. Let r(i) = -2*i - 4. Let l(v) = -7*v + 6. Let o(b) = 12*b - 11. Let z(u) = -7*l(u) - 4*o(u). Let c(n) = s*z(n) + 6*r(n). What is c(2)?
-4
Let g = 531 + -534. Let z(s) = -s**3 - 2*s**2 + 4*s + 5. What is z(g)?
2
Let p(s) = -s**3 - 3*s**2 - 4*s. Suppose 23*g - 3*c = 24*g + 14, -g + 3*c = -10. Determine p(g).
4
Let s(f) = f. Let c(b) = -b**2 + 8*b - 1. Let v be ((-2)/(-2))/(-2 - -1). Let j(q) = v*c(q) + 4*s(q). Suppose 4*g = 2*k, 0*k + 30 = 5*k + 5*g. What is j(k)?
1
Suppose 5*a - 3*a - 2 = 0. Suppose 0*s - a = -s. Let p(f) be the third derivative of -f**5/15 + 43*f**2. Calculate p(s).
-4
Let y(w) = -w - 8. Suppose -36*a + 28*a = 56. Determine y(a).
-1
Let d = 3 + 3. Let h be -2 + (-3 - -4) + 2. Let x be d + (-6 + h - -3). Let z(i) = -i**3 + 4*i**2 + 5. Give z(x).
5
Let i(b) = -2*b**2 - 25541*b + 4 + 25541*b - 3 + b**3. Let y be (1/2)/(2/12). Suppose 3*c - 4*g + 2*g = -7, -g = y*c + 1. Determine i(c).
-2
Let g(d) be the second derivative of 5*d - 1/6*d**3 + 1/2*d**2 + 0. Let p = -109 - -109. Calculate g(p).
1
Let m(v) = -13*v**3 + 6*v**2 + v - 3. Let c(s) = 6*s**3 - 3*s**2 + 1. Suppose b + 5*r = -17 - 7, -3*b - 4*r - 39 = 0. Let z(u) = b*c(u) - 4*m(u). What is z(2)?
-9
Let x(q) = -q**3 + 11*q**2 - 23*q - 2. Let u be x(8). Let g(m) = 3*m - 7. Determine g(u).
11
Let x(r) = r**2 + r. Let s(c) = 5*c**2 - 9. Let h(v) = -s(v) + 6*x(v). Let n be (-4)/10 + (-33)/5. Give h(n).
16
Let a(h) = -330*h + 3*h**2 - 6*h**2 + 332*h. Let z(l) = l + 24. Let x be z(-26). Determine a(x).
-16
Let x be 3 - (-3)/(-3)*1. Let j be x - (0 - 1)*-1. Let p(s) be the third derivative of -13*s**6/120 + s**5/60 + 3*s**2. Give p(j).
-12
Let x(i) = 14*i**2 - 5*i + 2. Let q(g) be the third derivative of g**5/12 - g**4/12 + g**3/6 - g**2. Let f = 54 + -51. Let r(h) = f*x(h) - 8*q(h). Give r(2).
8
Let q(g) = g - 6. Let w(x) = -4*x + 16. Let m(z) = -q(z) - w(z). Determine m(8).
14
Let t(f) be the third derivative of f**7/5040 + 7*f**6/720 + f**5/20 - 2*f**2. Let w(o) be the third derivative of t(o). Suppose 4*n - 24 = 10*n. What is w(n)?
3
Let u(y) = 3*y + 22. Let v(g) be the second derivative of g**3/6 + 7*g**2/2 + 2*g. Let x(d) = -6*u(d) + 17*v(d). Determine x(0).
-13
Suppose -5*i + 13 = 4*s, -4*s + 15 = 3*i + 12. Let v(t) = t**2 - 7*t + 10. What is v(i)?
0
Let x(m) be the second derivative of m**5/20 + 2*m**4/3 + 5*m**3/6 - 17*m**2/2 + 341*m. Calculate x(-7).
-3
Let a(m) = m + 3*m - 1 - 3*m. Let t(q) = q - 1. Let b(g) = 6*a(g) - 5*t(g). Let x(n) = n**3 + 15*n**2 + 25*n - 12. Let y be x(-13). Determine b(y).
0
Let w be (13 - 4) + (2 - 6). Let h be 47/w - (-18)/(-45). Let i(n) = -2*n + h*n - 8*n. Give i(4).
-4
Let r(n) be the third derivative of -n**5/60 + 17*n**4/24 + 5*n**3/2 + 13*n**2 - 16*n. Determine r(18).
-3
Suppose -2 = z + 3. Let c(k) = -2*k**2 - 10*k + 5. Let d be c(z). Suppose 0 = -4*o + d*o + 1. Let v(f) = 20*f + 1. What is v(o)?
-19
Let s be 1125/(-18) + 2/(-4). Let d = s - -63. Let g(w) = w**2 + 16. Give g(d).
16
Let d(r) = 2*r**3 + 2*r**2 - r - 32. Let h(k) = 5*k**3 + 5*k**2 - 2*k - 98. Let j(a) = -8*d(a) + 3*h(a). What is j(0)?
-38
Let q(g) = -2*g**3 - 5*g - 3. Let m(w) = w**3 + w + 1. Let z(h) = 3*m(h) + q(h). Suppose 3*l = -7 + 7. Suppose b + 3*o - 2 + 4 = l, -b - 2 = -3*o. Give z(b).
-4
Let k(v) = v**3 - 16*v**2 + 16*v - 20. Let h be k(15). Let y(i) = -i**3 - 5*i**2 + 6*i + 6. What is y(h)?
-24
Suppose b + 2 = -1. Let p = 6 + b. Let r(g) = 2*g + 3. Let s(k) = -3*k - 4. Let m(y) = -4*r(y) - 3*s(y). Give m(p).
3
Let l(s) = -s**3 - 4*s**2 + 3*s - 4. Let v = -52 - 1. Let o = v - -49. Determine l(o).
-16
Suppose 9 = -3*d + 36. Let b(f) = d*f - 6*f - 2*f + 9. Give b(0).
9
Let x(j) = -3*j**3 - 3 + 7*j**2 + 4*j**3 + 5*j + 2. Let a = -3968 + 3962. Give x(a).
5
Let x(o) = -5*o**2 + 15*o + 2. Let q be x(3). Let t be 6/5*5/2. Let j(h) = 1 - t*h**2 + h - 2*h**2 + 3*h**2. Give j(q).
-5
Let u(f) be the second derivative of -4*f + 1/360*f**6 - 7/24*f**4 + 0 - 2/3*f**3 + 0*f**2 + 1/20*f**5. Let n(k) be the second derivative of u(k). Give n(-5).
-12
Let m(f) = -f - 2. Let h = 330 + -336. Give m(h).
4
Let a(u) = 7*u**3 - 5*u**2 - 5*u - 5. Let z(i) = 3*i**3 - 2*i**2 - 2*i - 2. Let n(c) = -4*a(c) + 9*z(c). Calculate n(-2).
14
Let g = -32 + 481/15. Let r(a) be the third derivative of 1/120*a**6 - 5/24*a**4 + a**3 + 0 + 0*a - 3*a**2 + g*a**5. Calculate r(-5).
6
Let y = -2 - -2. Let v = 147 + -136. Let k(j) = -v*j + 7*j + y*j - 8 + 3*j. Give k(0).
-8
Let z(j) = -j**2 + 7. Let s(h) = h**2 + 20*h + 36. Let t = -75 - -57. Let y be s(t). Give z(y).
7
Let o(r) = -9*r + 68. Let l(j) = -j**2 + 39*j - 282. Let m be l(10). Calculate o(m).
-4
Suppose 0 = 4*f + 2*c 